t q(h) = 2*h + 41. Give q(-17).
7
Let q(m) = -m - 28. Determine q(-20).
-8
Let d(j) = -3*j**2 - j. What is d(1)?
-4
Let a(k) = -k**3 + 5*k**2 - 29. Give a(4).
-13
Let u(z) = z + 3. What is u(2)?
5
Let k(w) = w**3 - 3*w**2 + w - 3. Give k(3).
0
Let q(a) = 2*a**3 - 10*a**2 - 10*a + 3. Calculate q(6).
15
Let t(k) = -33*k - 34. Determine t(-6).
164
Let f(n) = n**2 + 2*n + 1. Calculate f(2).
9
Let u(f) = 7*f**2 - 4. Give u(3).
59
Let g(s) = s**3 + 12*s**2 + 9*s - 9. Give g(-11).
13
Let n(k) = -k**3 + 9*k**2 - 9*k + 2. Calculate n(6).
56
Let c(x) = -20*x**2 - 1. Give c(-1).
-21
Let z(k) = -4*k + 32. Give z(11).
-12
Let z(k) = -k**3 + 16*k**2 - k + 25. What is z(16)?
9
Let s(g) = -4*g + 9. What is s(4)?
-7
Let y(q) = -q**3 - 6*q**2 - 9*q - 94. What is y(-7)?
18
Let s(x) = -x**3 - 7*x**2 + 2. Determine s(-7).
2
Let i(o) = 2*o + 42. Determine i(-21).
0
Let f(v) = -7*v - 14. Give f(-27).
175
Let l(w) = 8*w - 18. Determine l(6).
30
Let i(a) = a**2 + 5*a. What is i(-4)?
-4
Let u(c) = -c**3 - 6*c**2 + 8*c + 6. What is u(-7)?
-1
Let i(f) = -21*f + 1. Calculate i(-2).
43
Let l(x) = -3*x**2 - 6*x - 3. What is l(-2)?
-3
Let q(g) = 5*g + 9. Determine q(-8).
-31
Let t(q) = -4*q - 6. Calculate t(-2).
2
Let b(n) = -2*n - 14. Determine b(-4).
-6
Let i(c) = 4*c**3 - 63*c**2 - 14*c - 18. What is i(16)?
14
Let b(u) = -u**2 - 12*u + 35. Determine b(-14).
7
Let s(c) = 11*c + 220. Calculate s(-21).
-11
Let k(r) = -6*r**3 - 2*r**2 - 2*r + 3. What is k(1)?
-7
Let v(s) = -s**3 - 5*s**2 + 3*s - 28. Give v(-6).
-10
Let x(k) = k**3 + 22*k**2 - 24*k - 35. What is x(-23)?
-12
Let d(z) = -11*z**3 - 3*z**2 + 2*z + 4. Give d(-1).
10
Let j(l) = 31*l + 586. What is j(-19)?
-3
Let j(s) = -s**3 + 4*s**2 + 26*s + 51. Determine j(8).
3
Let b(o) = -8*o + 25. Give b(7).
-31
Let a(q) = -7*q + 2. What is a(-3)?
23
Let s(b) = 13*b**3 - 4*b**2 + 3*b. Give s(1).
12
Let a(x) = x**3 + 9*x**2 - 2*x + 2. What is a(-9)?
20
Let u(n) = 37*n - 68. Give u(2).
6
Let r(t) = 2*t + 5. Determine r(9).
23
Let w(v) = -v**3 + 5*v**2 + 5*v - 1. Give w(6).
-7
Let l(i) = -i**2 + 16*i - 4. What is l(15)?
11
Let z(x) = 17*x - 139. Calculate z(8).
-3
Let w(l) = 2*l**2 - 3*l - 23. What is w(4)?
-3
Let a(r) = r**3 - 60*r**2 - 77*r + 976. What is a(61)?
0
Let m(v) = 23*v + 257. Determine m(-12).
-19
Let s(k) = k**2 + 6*k + 10. Give s(-9).
37
Let h(t) = t**3 - 4*t**2 + 4. What is h(3)?
-5
Let o(f) = 32*f + 1. Determine o(-1).
-31
Let g(i) = i**3 + 21*i**2 + 53*i - 19. What is g(-18)?
-1
Let p(d) = -4*d + 24. Determine p(6).
0
Let n(g) = -g**3 - 10*g**2 - 3*g - 43. Calculate n(-10).
-13
Let n(d) = d**3 - 11*d**2 - 12*d + 22. Calculate n(11).
-110
Let m(k) = -k - 30. Calculate m(-23).
-7
Let r(h) = -h**2 + 4*h + 16. What is r(8)?
-16
Let l(i) = i**2 + 10*i - 15. Determine l(-11).
-4
Let a(h) = 2*h**3 + 20*h**2 + 23*h + 39. Determine a(-9).
-6
Let v(k) = 4*k - 117. Calculate v(34).
19
Let x(a) = a**3 + 18*a**2 + 19*a - 25. Give x(-17).
-59
Let a(g) = 2*g**3 - 3*g + 4. Calculate a(3).
49
Let j(l) = l**3 + 5*l**2 + 6*l + 6. Calculate j(-4).
-2
Let w(c) = -c**2 - 18*c + 1. Give w(-18).
1
Let k(m) = -m**3 + m**2 + 35*m - 13. Give k(6).
17
Let m(r) = -4*r - 5. Determine m(-3).
7
Let h(k) = k + 11. Determine h(4).
15
Let z(u) = -2*u + 1. Calculate z(-6).
13
Let p(g) = 46*g - 433. Determine p(9).
-19
Let t(j) = -3*j**3 - j**2 + 2*j + 1. What is t(2)?
-23
Let g(l) = -l**3 - 13*l**2 + l + 9. Give g(-13).
-4
Let j(v) = -7*v + 229. Determine j(33).
-2
Let s(l) = l**3 - 6*l**2 - 6*l + 9. Determine s(4).
-47
Let v(f) = -f**3 + 4*f**2 + 7*f - 6. Determine v(5).
4
Let z(a) = -2*a**2 - 27*a + 242. Give z(6).
8
Let z(y) = y**3 - 9*y**2 - 9*y - 5. Calculate z(10).
5
Let k(u) = 9*u + 1. Calculate k(7).
64
Let r(u) = u**3 + 3*u**2 - 3*u + 4. Give r(-4).
0
Let z(v) = -v**2 - 26*v - 54. Determine z(-24).
-6
Let p(t) = -t**2 + 4*t + 4. Give p(5).
-1
Let l(j) = -j**2 + 61. Calculate l(-8).
-3
Let u(w) = -2*w**3 + 17*w**2 + 14*w - 51. Calculate u(9).
-6
Let i(l) = l**3 + 12*l**2 + 42*l + 131. Determine i(-9).
-4
Let u(b) = -b**2 - 7*b - 6. Determine u(-4).
6
Let t(d) = -d**3 - 11*d**2 - 12*d - 7. Calculate t(-10).
13
Let q(f) = 4*f - 54. Give q(14).
2
Let h(j) = j**3 + 17*j**2 - 45*j - 24. Calculate h(-19).
109
Let m(x) = 2*x**2 - 10*x + 3. Give m(6).
15
Let p(c) = -2*c - 3. Calculate p(-4).
5
Let t(n) = -2*n - 28. Determine t(17).
-62
Let o(g) = 12*g**2 + 2*g + 3. Calculate o(-1).
13
Let q(p) = -7*p - 3. Calculate q(1).
-10
Let n(a) = -2*a + 2. What is n(2)?
-2
Let z(v) = v**3 - v**2 - 5*v. What is z(4)?
28
Let i(g) = g**3 - 2*g**2 - 2*g + 3. Determine i(4).
27
Let a(j) = -j**2 - 20*j - 99. Calculate a(-9).
0
Let q(z) = z**2 + z + 7. Determine q(-2).
9
Let i(w) = -w**2 - 5*w + 17. Calculate i(-8).
-7
Let j(i) = -i**3 + 14*i**2 + 12*i + 37. Calculate j(15).
-8
Let t(a) = a**2 + 9*a - 30. Give t(-12).
6
Let k(m) = 3*m + 65. What is k(-24)?
-7
Let o(t) = 9*t + 8. Calculate o(-3).
-19
Let y(a) = a**2 - a - 4. Calculate y(4).
8
Let d(g) = g**3 + 8*g**2 + g + 26. Give d(-8).
18
Let x(w) = -4*w**2 - 5*w + 1. Give x(-3).
-20
Let w(p) = -p**3 + 5*p**2 + 4*p - 1. What is w(6)?
-13
Let l(v) = v - 58. What is l(4)?
-54
Let l(w) = -11*w - 2. Determine l(-1).
9
Let x(f) = -f**2 + 57*f + 176. Give x(-3).
-4
Let z(p) = 4*p**2 - 37*p + 2. What is z(8)?
-38
Let g(x) = 8*x - 1. What is g(2)?
15
Let j(m) = m**2 - 6*m + 4. Calculate j(7).
11
Let f(y) = y**3 + 7*y**2 + 18*y + 42. Give f(-5).
2
Let f(n) = -4*n - 30. Calculate f(-2).
-22
Let d(y) = y**2 + 6*y + 14. What is d(-3)?
5
Let t(v) = -5*v + 14. Calculate t(0).
14
Let p(q) = 6*q + 6. What is p(-5)?
-24
Let f(g) = g**2 - 4*g - 3. Determine f(10).
57
Let v(o) = o**3 + 5*o**2 + 5*o + 1. Give v(-2).
3
Let z(g) = -121*g - 367. Give z(-3).
-4
Let s(j) = -j**2 - 6*j + 6. What is s(7)?
-85
Let y(q) = 2*q + 11. What is y(9)?
29
Let h(k) = -45*k + 4. Give h(2).
-86
Let c(r) = -7*r + 17. What is c(3)?
-4
Let q(k) = -k**2 + 6*k + 9. Determine q(-4).
-31
Let y(z) = z**3 + 4*z**2 + z + 25. Give y(-5).
-5
Let n(m) = 16*m + 115. Calculate n(-6).
19
Let p(o) = -o**2 - 4*o. Calculate p(-5).
-5
Let t(w) = 27*w**2 + 10*w - 24. Determine t(2).
104
Let f(b) = -b**2 - 11*b. Give f(-10).
10
Let c(f) = -7*f + 2. What is c(1)?
-5
Let m(r) = 2*r**2 + 9*r - 7. Calculate m(-5).
-2
Let d(b) = b - 28. Give d(-12).
-40
Let q(y) = 8*y + 15. Give q(7).
71
Let n(w) = 2*w + 7. Give n(10).
27
Let q(a) = -a**2 + 5*a + 9. Give q(7).
-5
Let v(c) = -9*c + 13. Calculate v(10).
-77
Let t(b) = -6*b - 37. Give t(-7).
5
Let g(s) = -s**2 + 21*s - 50. Determine g(16).
30
Let o(j) = j**2 + 4*j - 218. Give o(-17).
3
Let m(y) = -10*y**2 - y - 2. Determine m(1).
-13
Let p(f) = f + 14. Calculate p(-26).
-12
Let u(j) = 2*j - 18. Calculate u(8).
-2
Let k(f) = 3*f - 20. What is k(7)?
1
Let z(h) = -2*h + 4. What is z(-6)?
16
Let d(h) = h**2 - 4*h - 81. Calculate d(-7).
-4
Let j(t) = -t + 11. Give j(5).
6
Let t(h) = -h**3 + 4*h**2 + 18*h - 19. Calculate t(6).
17
Let f(o) = 37*o - 2. Calculate f(-1).
-39
Let u(q) = -12*q - 24. Give u(-2).
0
Let s(p) = p**2 + 5*p - 7. What is s(-7)?
7
Let m(g) = 3*g - 16. Determine m(17).
35
Let j(g) = g**2 - 22*g + 73. Calculate j(18).
1
Let r(q) = q**3 + 8*q**2 - q - 2. What is r(-8)?
6
Let z(l) = l**2 - 30*l + 209. Determine z(17).
-12
Let k(i) = -21*i**2. Calculate k(1).
-21
Let l(k) = -k + 7. Determine l(13).
-6
Let c(j) = -2*j + 8. Give c(-6).
20
Let k(v) = 9*v + 4. Determine k(3).
31
Let t(s) = s**3 + 17*s**2 - 19*s - 14. What is t(-18)?
4
Let v(x) = -x**3 + 10*x**2 - 11*x + 7. What is v(8)?
47
Let g(m) = 2*m - 31. Calculate g(5).
-21
Let p(w) = -14*w - 9. Calculate p(11).
-163
Let l(p) = 2*p + 23. What is l(-13)?
-3
Let c(t) = -t**3 + 29*t**2 - t + 36. Give c(29).
7
Let j(p) = 2*p**2 - 2*p - 31. Determine j(0).
-31
Let w(g) = -2*g - 1. Give w(-1).
1
Let g(l) = -16*l - 128. What is g(-7)?
-16
Let k(u) = u**2 + 23*u + 42. Calculate k(-23).
42
Let d(t) = 204*t - 4. Determine d(-1).
-208
Let v(f) = 8*f**3. Give v(-1).
-8
Let q(x) = 5*x**2 - 10*x + 19. Give q(4).
59
Let s(v) = -6*v + 10. Give s(3).
-8
Let k(u) = -60*u - 18. Give k(-1).
42
Let j(x) = -x**3 - 6*x**2 + 6*x - 3. What is j(-7)?
4
Let h(x) = -8*x + 60. What is h(8)?
-4
Let s(p) = p**3 + 33*p**2 - 2*p - 71. What is s(-33)?
-5
Let i(r) = 3*r**2 + 32*r - 4. Give i(-11).
7
